he hundreds digit of 77631?
6
What is the tens digit of 1789?
8
What is the units digit of 10149?
9
What is the tens digit of 976?
7
What is the thousands digit of 4526?
4
What is the ten thousands digit of 50866?
5
What is the hundreds digit of 44423?
4
What is the units digit of 8208?
8
What is the thousands digit of 36022?
6
What is the tens digit of 3721?
2
What is the hundreds digit of 799?
7
What is the tens digit of 843?
4
What is the units digit of 3856?
6
What is the ten thousands digit of 24351?
2
What is the units digit of 554?
4
What is the units digit of 34977?
7
What is the tens digit of 87461?
6
What is the units digit of 122652?
2
What is the units digit of 3928?
8
What is the hundreds digit of 1316?
3
What is the tens digit of 3169?
6
What is the units digit of 1271?
1
What is the units digit of 165258?
8
What is the hundreds digit of 3272?
2
What is the thousands digit of 1881?
1
What is the hundreds digit of 32372?
3
What is the ten thousands digit of 46144?
4
What is the tens digit of 571?
7
What is the thousands digit of 6519?
6
What is the hundreds digit of 207?
2
What is the thousands digit of 10479?
0
What is the units digit of 305?
5
What is the units digit of 619?
9
What is the thousands digit of 57738?
7
What is the units digit of 27285?
5
What is the tens digit of 1910?
1
What is the tens digit of 2501?
0
What is the units digit of 4511?
1
What is the hundreds digit of 2844?
8
What is the thousands digit of 8686?
8
What is the thousands digit of 2104?
2
What is the thousands digit of 3585?
3
What is the hundreds digit of 342?
3
What is the thousands digit of 44958?
4
What is the thousands digit of 65474?
5
What is the hundreds digit of 3222?
2
What is the thousands digit of 3909?
3
What is the ten thousands digit of 97338?
9
What is the hundreds digit of 880?
8
What is the hundreds digit of 5481?
4
What is the tens digit of 244?
4
What is the thousands digit of 1621?
1
What is the units digit of 1096?
6
What is the hundreds digit of 3219?
2
What is the tens digit of 89889?
8
What is the tens digit of 43192?
9
What is the units digit of 1591?
1
What is the units digit of 6149?
9
What is the thousands digit of 36323?
6
What is the thousands digit of 1035?
1
What is the hundreds digit of 51931?
9
What is the thousands digit of 1420?
1
What is the units digit of 2803?
3
What is the tens digit of 8620?
2
What is the units digit of 15358?
8
What is the thousands digit of 1258?
1
What is the tens digit of 804?
0
What is the ten thousands digit of 133222?
3
What is the tens digit of 9874?
7
What is the tens digit of 67467?
6
What is the hundreds digit of 495?
4
What is the hundreds digit of 8542?
5
What is the tens digit of 8774?
7
What is the units digit of 78552?
2
What is the units digit of 8370?
0
What is the hundreds digit of 35714?
7
What is the units digit of 2052?
2
What is the units digit of 1425?
5
What is the units digit of 1675?
5
What is the tens digit of 12863?
6
What is the units digit of 47?
7
What is the units digit of 2313?
3
What is the thousands digit of 3398?
3
What is the thousands digit of 76183?
6
What is the hundreds digit of 86190?
1
What is the tens digit of 1600?
0
What is the units digit of 29980?
0
What is the hundreds digit of 53758?
7
What is the thousands digit of 7754?
7
What is the hundreds digit of 27773?
7
What is the ten thousands digit of 76884?
7
What is the units digit of 20845?
5
What is the hundreds digit of 3912?
9
What is the tens digit of 1174?
7
What is the hundreds digit of 1220?
2
What is the thousands digit of 4706?
4
What is the tens digit of 1308?
0
What is the units digit of 12675?
5
What is the tens digit of 4813?
1
What is the tens digit of 256?
5
What is the tens digit of 52152?
5
What is the thousands digit of 41199?
1
What is the units digit of 54?
4
What is the units digit of 15523?
3
What is the thousands digit of 8107?
8
What is the thousands digit of 2190?
2
What is the units digit of 488?
8
What is the ten thousands digit of 53883?
5
What is the units digit of 384?
4
What is the units digit of 1960?
0
What is the hundreds digit of 1620?
6
What is the thousands digit of 51296?
1
What is the units digit of 449?
9
What is the thousands digit of 3748?
3
What is the hundreds digit of 2851?
8
What is the units digit of 26978?
8
What is the thousands digit of 1166?
1
What is the hundreds digit of 604?
6
What is the ten thousands digit of 54961?
5
What is the units digit of 8775?
5
What is the tens digit of 6147?
4
What is the hundreds digit of 6665?
6
What is the units digit of 9889?
9
What is the hundreds digit of 16818?
8
What is the ten thousands digit of 11925?
1
What is the hundreds digit of 6339?
3
What is the units digit of 8455?
5
What is the units digit of 1217?
7
What is the tens digit of 528?
2
What is the hundreds digit of 624?
6
What is the tens digit of 441?
4
What is the hundreds digit of 1052?
0
What is the tens digit of 570?
7
What is the ten thousands digit of 76935?
7
What is the tens digit of 1901?
0
What is the thousands digit of 96275?
6
What is the hundreds digit of 5018?
0
What is the ten thousands digit of 17287?
1
What is the hundreds digit of 52246?
2
What is the units digit of 12995?
5
What is the hundreds digit of 640?
6
What is the units digit of 72180?
0
What is the tens digit of 50401?
0
What is the tens digit of 33713?
1
What is the ten thousands digit of 15688?
1
What is the units digit of 4963?
3
What is the tens digit of 937?
3
What is the units digit of 114?
4
What is the tens digit of 4925?
2
What is the thousands digit of 139186?
9
What is the hundreds digit of 425?
4
What is the units digit of 470?
0
What is the units digit of 6047?
7
What is the tens digit of 90257?
5
What is the hundreds digit of 58996?
9
What is the hundreds digit of 88330?
3
What is the tens digit of 18491?
9
What is the units digit of 65001?
1
What is the tens digit of 16?
1
What is the ten thousands digit of 99387?
9
What is the tens digit of 646?
4
What is the units digit of 1183?
3
What is the thousands digit of 6706?
6
What is the hundreds digit of 28659?
6
What is the tens digit of 7487?
8
What is the units digit of 891?
1
What is the tens digit of 808?
0
What is the ten thousands digit of 56311?
5
What is the thousands digit of 10156?
0
What is the hundreds digit of 1039?
0
What is the hundreds digit of 2913?
9
What is the tens digit of 7076?
7
What is the hundreds digit of 13760?
7
What is the hundreds digit of 31300?
3
What is the units digit of 14694?
4
What is the units digit of 2583?
3
What is the tens digit of 2874?
7
What is the units digit of 1008?
8
What is the tens digit of 191?
9
What is the tens digit of 23856?
5
What is the thousands digit of 1358?
1
What is the units digit of 861?
1
What is the thousands digit of 111832?
1
What is the units digit of 1075?
5
What is the thousands digit of 112439?
2
What is the thousands digit of 3973?
3
What is the hundreds digit of 64432?
4
What is the ten thousands digit of 11979?
1
What is the hundreds digit of 6996?
9
What is the thousands digit of 100607?
0
What is the hundreds digit of 2580?
5
What is the thousands digit of 1549?
1
What is the hundreds digit of 41401?
4
What is the units digit of 2061?
1
What is the thousands digit of 9183?
9
What is the units digit of 229?
9
What is the thousands digit of 1607?
1
What is the tens digit of 620?
2
What is the thousands digit of 116798?
6
What is the tens digit of 7841?
4
What is the units digit of 17734?
4
What is the thousands digit of 17503?
7
What is the units digit of 763?
3
What is the thousands digit of 7923?
7
What is the tens digit of 1384?
8
What is the hundreds digit of 1273?
2
What is the tens digit of 1155?
5
What is the units digit of 2138?
8
What is the units digit of 4217?
7
What is the tens digit of 555?
5
What is the units digit of 11883?
3
What is the ten thousands digit of 75710?
7
What is the tens digit of 54?
5
What is the thousands digit of 21793?
1
What is the hundreds digit of 4937?
9
What is the tens digit of 2984?
8
What is the thousands digit of 3008?
3
What is the hundreds digit of 71010?
0
What is the hundreds digit of 4153?
1
What is the units digit of 1673?
3
What is the tens digit of 491?
9
What is the units digit 